-5 - -11)).
9
Suppose 5*o - s = o + 35, s + 5 = o. Suppose -3*d + o = -17. Let x = 13 + -9. What is the remainder when d is divided by x?
1
Let d(c) = -3*c + 3. Let j be d(-2). Calculate the remainder when 19 is divided by -3*((-57)/j - -3).
9
Let h = 26 - -4. Let f = 17 + h. Suppose 22*g + 4*g = 416. What is the remainder when f is divided by g?
15
Suppose 2*t - t = 0. Let h be (0 - -4)*3/4. Suppose 157 = 5*a + g, 0 = -t*a - h*a - 5*g + 103. Calculate the remainder when a is divided by 11.
9
Suppose 5*v - 12 = -2*x + 1, 3*x - 30 = -4*v. Suppose 4*d - 25 + 1 = 0. Calculate the remainder when 3/9 - (-238)/d is divided by x.
12
Let a be 3 + (6 + 1)*3. Suppose 0*c - 3*c = -a. What is the remainder when 23 is divided by c?
7
Let v(l) = -l - 11. Let g be v(-7). Let c = 7 + g. What is the remainder when 3 is divided by c?
0
Let h(b) = b**2 - 3*b + 2. Let g = -20 - -24. What is the remainder when 16 is divided by h(g)?
4
Suppose 0 = 3*k + k - 96. Suppose 0 = -2*y - y + k. What is the remainder when 31 is divided by y?
7
Let s(v) = -v**3 + 6*v**2 + 2*v - 8. Let m be s(6). Let q(x) = 3*x**2 - m*x**2 + 0*x**2 - 5 - 4*x + x**3. What is the remainder when q(4) is divided by 14?
13
Suppose 4*t - 96 = -3*v, t - v = -0*v + 17. Suppose 0 = -5*x + 2*x + 2*w + 188, -5*x + 5*w + 315 = 0. Calculate the remainder when x is divided by t.
20
Suppose 3*h - 5*w - 4 = 36, 5*w + 20 = 2*h. Let i = h + 0. Calculate the remainder when 58 is divided by i.
18
Let t(a) = -a**3 - 33*a**2 - 30*a + 73. Let s be 16/2 - 2/(-1). Let h = s + -6. What is the remainder when t(-32) is divided by h?
1
Let p = -55 - -127. What is the remainder when p is divided by 38?
34
Let i = 24 + -15. Suppose -72 = -n - 3*n - 2*c, 5*n - 5*c - 60 = 0. Calculate the remainder when n is divided by i.
7
Let a(y) = 9*y**2 - 17*y + 17. Let k(w) = -3*w**2 + 6*w - 6. Let d(n) = 3*a(n) + 8*k(n). What is the remainder when 35 is divided by d(2)?
8
Let d(k) = 2*k**2 + 12*k + 2. What is the remainder when d(-8) is divided by 9?
7
Let h = -28 + 46. Calculate the remainder when 31 is divided by h.
13
Let w(c) = c**2 + 7*c + 2. Let l be w(-8). Suppose -3 = s + 1, -t = -s - l. What is the remainder when 21 is divided by t?
3
Suppose 5*b + 5*a = 2*b + 85, -b - 2*a = -27. What is the remainder when b/2 + (-5)/10 is divided by 10?
7
Suppose -5*d = -10*d + 25. Suppose g + 1 = n - 3, n + d*g - 4 = 0. Suppose -3*w = y - 0*y - 5, 2*w + 20 = n*y. Calculate the remainder when 9 is divided by y.
4
Calculate the remainder when (-2)/3 - ((-1918)/(-6))/(-7) is divided by 12.
9
Let p be (0 - 3/2)*-2. Let t = p - 0. Suppose -t*v - 1 = -4. What is the remainder when v is divided by 1?
0
Calculate the remainder when 18 is divided by (-1 - -1) + (-12)/(-3).
2
Let t(c) = -c**2 + 6*c + 10. Let n be 1/(-2) + (-15)/(-2). Let u be t(n). Suppose u*s - 25 = -7. Calculate the remainder when s is divided by 4.
2
Suppose 5*j - 12 - 2 = -2*y, -2*y - 3*j = -18. What is the remainder when y is divided by 7?
5
Let f(b) = -b**3 + 7*b**2 + b - 2. Suppose a - 8 = -a. Calculate the remainder when f(a) is divided by 13.
11
Suppose -2*h = -47 + 11. Calculate the remainder when 34 is divided by h.
16
Suppose 6*k - 7*k = -99. What is the remainder when k is divided by 26?
21
Suppose 0*i = -4*i + 332. Calculate the remainder when i is divided by 17.
15
Let f(m) = 3*m - 4. Suppose -3*w - 5 = -14. Let z be f(w). Suppose -z*d + 57 = -13. What is the remainder when 41 is divided by d?
13
Suppose -93 = -3*z + 2*b, -2*z = 2*z + 5*b - 124. Suppose 0 = -p + 2, -p - p = 4*l - 48. What is the remainder when z is divided by l?
9
Let a(z) = -4*z - 11. Let v(u) = 2*u - 2. Let m be v(-4). Calculate the remainder when a(m) is divided by 10.
9
Let i be ((-20)/25)/(2/(-20)). Suppose 0*p + 3*v + i = -4*p, 3*p = v + 7. What is the remainder when (-7)/(-4) + 1/4 is divided by p?
0
Suppose 3*n - 3*q - 15 = 0, -5*q = n + n + 18. What is the remainder when ((-94)/n)/(-7 + 5) is divided by 10?
7
Let j = -7 - -13. Suppose -j*f + 81 = -3*f. Calculate the remainder when 53 is divided by f.
26
Suppose 164 = 8*j - 4*j. What is the remainder when j is divided by 14?
13
Suppose 30 + 194 = 4*h. Suppose 5*w - 71 = 3*c, -3*c - 15 = 2*w - h. Let u = 80 + -49. What is the remainder when u is divided by w?
15
Let m(u) = -2*u - 4 + 3 - 5 + 4*u. What is the remainder when m(10) is divided by 8?
6
Let b(j) = -14*j**2 + 17*j - 26. Let g(r) = 5*r**2 - 6*r + 9. Let t(w) = -6*b(w) - 17*g(w). Calculate the remainder when 7 is divided by t(0).
1
Suppose 0 = -2*o + o + 9. Let q = 115 + -80. Suppose 2*s - q = -5*m, -4*m - 11 = 1. What is the remainder when s is divided by o?
7
Let w(m) = -m**2 - 7*m + 4. Let j be w(-7). Suppose 0 = 2*h - j*n - 4, 0 = 5*h - 9*n + 4*n. Calculate the remainder when 47 is divided by -12*1*(-3 - h).
11
Suppose -3*r + j = 1, -2*r = r + 4*j + 26. What is the remainder when -29*((-1 - -2) + r) is divided by 10?
9
Let r be (-23)/(-3)*(4 - 1). Suppose x - r = -0*x. Calculate the remainder when x is divided by 8.
7
Suppose 2*m - 39 = m. Calculate the remainder when m is divided by 14.
11
Let o = -8 - -14. Suppose -32 = -4*b - 0*b. What is the remainder when b is divided by o?
2
Suppose -2*l + 19 = -75. Let d = -8 + l. Calculate the remainder when d is divided by 14.
11
Let g(n) be the first derivative of -n**3/3 + 17*n**2/2 - 11*n + 6. What is the remainder when g(13) is divided by 11?
8
Suppose -260 = 12*t - 17*t. Calculate the remainder when 309 is divided by t.
49
Suppose 3*f + 8 + 7 = 0. Let s = 8 + f. Suppose -88 = -q - s*q. What is the remainder when q is divided by 12?
10
Suppose 3*m = m + 190. Suppose 0 = -n + 6*n - 160. What is the remainder when m is divided by n?
31
Suppose 4*n = n + 165. Let t(v) = v**2 - 7*v - 11. Calculate the remainder when n is divided by t(10).
17
Let o = -1 - -7. Calculate the remainder when 32 is divided by o.
2
Suppose -22*d - 48 = -30*d. Calculate the remainder when 69*2/6*1 is divided by d.
5
Suppose 0 = 5*x - 4*i + 32, 23 = -2*x + 2*i + 3*i. Calculate the remainder when (1 - x) + 2 + 2 is divided by 6.
3
Let s = -17 + 30. Suppose -i + 4*w - 10 = 0, 25 = -i + 6*i + 5*w. Suppose 0 = 4*d - 2*q - 96, -i*q = -0*q. Calculate the remainder when d is divided by s.
11
Suppose 2*f = -8, -5*d + d - 2*f - 36 = 0. Let w(j) = j**2 + 6*j - 2. Calculate the remainder when w(d) is divided by 3.
2
Let p(v) = -v**2 - 6*v. Let m be p(-5). Suppose -5*d - x = -d - 128, m*x = 0. Calculate the remainder when d is divided by 17.
15
Let p = 85 - 47. Let v be 2 + 0 + 0 + 2. Suppose -61 + 9 = -v*o. Calculate the remainder when p is divided by o.
12
Suppose 0 = -3*r - 5*h + h + 26, -4*r + 5*h + 76 = 0. Suppose -p = -8*p + 287. What is the remainder when p is divided by r?
13
Let b = 26 + -11. Calculate the remainder when 71 is divided by b.
11
Let v(i) = i**2 - 9*i - 7. Let q be v(10). Let f(t) = 3 - 4 + 7*t - q - t**2. What is the remainder when 21 is divided by f(4)?
5
Let h(p) = p**3 - 5*p**2 + 3*p + 8. What is the remainder when 10 is divided by h(4)?
2
Suppose 651*i - 653*i = -8. Let z(c) = -c**3 - 3*c**2 + 3*c + 5. What is the remainder when z(-4) is divided by i?
1
Suppose -2*i - 8 = -4. What is the remainder when 45 is divided by (-9)/i*(-16)/(-6)?
9
Suppose 0 = h - 0 - 2. Let u = 12 - h. Let d = 47 - 19. What is the remainder when d is divided by u?
8
Let d(v) = 2*v - 5. Calculate the remainder when d(4) is divided by 3.
0
Suppose 0 = -4*f + 156 - 24. Calculate the remainder when 65 is divided by f.
32
Let j = 282 - 196. What is the remainder when j is divided by 30?
26
Let i be (-2)/4 - 189/(-6). Let n = i + -20. Calculate the remainder when 31 is divided by n.
9
Suppose 0 = -2*t + s - 1, 3*t - 8 - 13 = -3*s. Suppose z = -t*z + i + 120, -150 = -4*z - 2*i. What is the remainder when z is divided by 10?
9
Suppose 3*z + p = 143, -2*z + p = -7*z + 235. Suppose z = 3*m + 10. What is the remainder when 22 is divided by m?
10
Suppose 0 = 3*a - 0*a - 15. Let p = a - 2. What is the remainder when 17 is divided by (-6)/p + 2 + 9?
8
Let l be 1/(1/5) - -1. Suppose 4*p + 9 = 1. What is the remainder when ((-56)/6)/(p/l) is divided by 10?
8
Suppose 3*i + 12 = 0, 0*p = -3*p + i + 67. Suppose -2*k + 2 = -5*s - 10, 37 = 3*k + 2*s. What is the remainder when p is divided b